{"id":132,"date":"2010-05-30T17:17:52","date_gmt":"2010-05-30T15:17:52","guid":{"rendered":"http:\/\/www.mj-lagrange.org\/?page_id=132"},"modified":"2010-09-08T17:41:43","modified_gmt":"2010-09-08T15:41:43","slug":"bibliografia","status":"publish","type":"page","link":"https:\/\/www.mj-lagrange.org\/?page_id=132&lang=es","title":{"rendered":"Bibliograf\u00eda"},"content":{"rendered":"<div class=\"fcbkbttn_buttons_block\" id=\"fcbkbttn_left\"><div class=\"fcbkbttn_button\">\n\t\t\t\t\t<a href=\"https:\/\/www.facebook.com\/\" target=\"_blank\">\n\t\t\t\t\t\t<img decoding=\"async\" src=\"https:\/\/mj-lagrange.org\/wp-content\/plugins\/facebook-button-plugin\/images\/standard-facebook-ico.png\" alt=\"Fb-Button\" \/>\n\t\t\t\t\t<\/a>\n\t\t\t\t<\/div><div class=\"fcbkbttn_like \"><fb:like href=\"https:\/\/www.mj-lagrange.org\/?page_id=132&lang=es\" action=\"like\" colorscheme=\"light\" layout=\"standard\"  width=\"225px\" size=\"small\"><\/fb:like><\/div><\/div><p><strong>Libros escritos por el padre Lagrange:<\/strong><a href=\"http:\/\/mj-lagrange.org\/wp-content\/uploads\/2010\/05\/MJ_Lagrange_002.jpg\"><img loading=\"lazy\" decoding=\"async\" class=\"alignright size-full wp-image-7\" title=\"Marie-Joseph Lagrange\" src=\"http:\/\/mj-lagrange.org\/wp-content\/uploads\/2010\/05\/MJ_Lagrange_002.jpg\" alt=\"\" width=\"150\" height=\"150\" \/><\/a><br \/>\n<em>L\u2019\u00e9vangile de J\u00e9sus-Christ<\/em>, Paris, Gabalda, 1928.<br \/>\n<em>La m\u00e9thode historique. La critique biblique et l\u2019\u00c9glise<\/em>, Paris, \u00c9d. du Cerf, 1966.<br \/>\n<em>Le P\u00e8re Lagrange au service de la Bible. Souvenirs personnels<\/em>, Paris, \u00c9d. du Cerf, 1967.<br \/>\n<em>L\u2019\u00c9criture en \u00c9glise. Choix de portraits et d\u2019ex\u00e9g\u00e8se spirituelle (1890-1937)<\/em>, Paris, \u00c9d. du Cerf, 1990.<\/p>\n<p><strong>Libros dedicados al P. Lagrange:<\/strong><br \/>\nBernard Montagnes, <em>Marie-Joseph Lagrange. Une biographie critique<\/em>, Paris, \u00c9d. du Cerf, 2005.<br \/>\nJean Guitton, <em>Portrait du p\u00e8re Lagrange, celui qui a r\u00e9concili\u00e9 la science et la foi<\/em>, Paris, Laffont, 1992.<br \/>\nManuel Rivero, <em>Prier 15 jours avec le p\u00e8re Lagrange fondateur de l&rsquo;\u00c9cole biblique de J\u00e9rusalem<\/em>, Bruy\u00e8res-le-Ch\u00e2tel, Nouvelle Cit\u00e9, 2008.<\/p>\n","protected":false},"excerpt":{"rendered":"<p>Libros escritos por el padre Lagrange: L\u2019\u00e9vangile de J\u00e9sus-Christ, Paris, Gabalda, 1928. La m\u00e9thode historique. La critique biblique et l\u2019\u00c9glise, Paris, \u00c9d. du Cerf, 1966. Le P\u00e8re Lagrange au service de la Bible. Souvenirs personnels, Paris, \u00c9d. du Cerf, 1967. L\u2019\u00c9criture en \u00c9glise. Choix de portraits et d\u2019ex\u00e9g\u00e8se spirituelle (1890-1937), Paris, \u00c9d. du Cerf, 1990. &#8230;<\/p>\n<p><a href=\"https:\/\/www.mj-lagrange.org\/?page_id=132&#038;lang=es\" class=\"more-link\">Continue reading &lsquo;Bibliograf\u00eda&rsquo; &raquo;<\/a><\/p>\n","protected":false},"author":1,"featured_media":0,"parent":56,"menu_order":8,"comment_status":"closed","ping_status":"closed","template":"","meta":{"footnotes":""},"class_list":["post-132","page","type-page","status-publish","hentry"],"_links":{"self":[{"href":"https:\/\/www.mj-lagrange.org\/index.php?rest_route=\/wp\/v2\/pages\/132","targetHints":{"allow":["GET"]}}],"collection":[{"href":"https:\/\/www.mj-lagrange.org\/index.php?rest_route=\/wp\/v2\/pages"}],"about":[{"href":"https:\/\/www.mj-lagrange.org\/index.php?rest_route=\/wp\/v2\/types\/page"}],"author":[{"embeddable":true,"href":"https:\/\/www.mj-lagrange.org\/index.php?rest_route=\/wp\/v2\/users\/1"}],"replies":[{"embeddable":true,"href":"https:\/\/www.mj-lagrange.org\/index.php?rest_route=%2Fwp%2Fv2%2Fcomments&post=132"}],"version-history":[{"count":6,"href":"https:\/\/www.mj-lagrange.org\/index.php?rest_route=\/wp\/v2\/pages\/132\/revisions"}],"predecessor-version":[{"id":545,"href":"https:\/\/www.mj-lagrange.org\/index.php?rest_route=\/wp\/v2\/pages\/132\/revisions\/545"}],"up":[{"embeddable":true,"href":"https:\/\/www.mj-lagrange.org\/index.php?rest_route=\/wp\/v2\/pages\/56"}],"wp:attachment":[{"href":"https:\/\/www.mj-lagrange.org\/index.php?rest_route=%2Fwp%2Fv2%2Fmedia&parent=132"}],"curies":[{"name":"wp","href":"https:\/\/api.w.org\/{rel}","templated":true}]}}